 = 4*a - 2*k - k - 16441, 15 = 3*k. What is the tens digit of a?
1
Let b(l) = -12*l + l**2 + 2*l**3 + 0*l - 3*l**3 - 11*l**2 + 12. What is the tens digit of b(-9)?
3
Suppose 3*g - 30 = 117. Let f be (30 - -4)*1/(-2). Let a = f + g. What is the tens digit of a?
3
Suppose 2*o - 2*l = -0*o - 680, -4*l + 1021 = -3*o. Let r = 487 + o. What is the tens digit of r?
4
Let s(r) = r**3 - 8*r**2 + 9*r - 7. Let v be s(7). Suppose -y - 450 = -v*y. What is the units digit of y?
5
Suppose -3*x = -5*o - 59, -x + 6 = 4*o - 8. Let z be 86/x - 8/(-36). Suppose -2*s + 82 = z*c, -c + 5*s + 27 = c. What is the units digit of c?
6
Let b(n) = -96 - 12*n + 167 - 85. What is the tens digit of b(-3)?
2
Let q(z) = 1. Let n(l) = 5*l + 12. Let g(a) = -n(a) + 2*q(a). Let s be g(-10). Let d = s + -25. What is the tens digit of d?
1
What is the units digit of (37453/86)/((-2)/(-4))?
1
Let y be 2*1*(-1 - (30 + 6)). Let f = -66 - y. What is the units digit of f?
8
Let n(f) = -6*f**3 - 2*f + 3. Suppose 2*u + 3*p = -0*u - 1, u = 3*p - 5. What is the tens digit of n(u)?
5
Let r be (-23 - 2)*-1*19. Let y = -323 + r. What is the units digit of y?
2
Suppose 2*o = -5*l - 37 - 12, -4*o + l = 65. Let x = o + 40. What is the units digit of x?
3
Let x(k) = k**2 + 17 - 13 + 27 + 4*k - 26. Suppose 0 = b - 3*b - 8. What is the units digit of x(b)?
5
Let d(t) = -t**3 - 2*t**2 + t + 8*t**2 + 2*t**2 - 10. Let w be d(7). Suppose 0 = 2*n - 2*a - w, 0*a - 42 = -2*n + 4*a. What is the tens digit of n?
2
Let a(n) = -n**3 + 4*n**2 + 6*n - 3. Let v(k) = k**3 + 7*k**2 - 2*k - 9. Let z be v(-7). Let b be a(z). What is the units digit of 297/63 + b/7?
5
Let h = 1448 + 737. What is the thousands digit of h?
2
Let z(o) = 9*o**2 + 37*o + 62. What is the hundreds digit of z(-6)?
1
Let x be (42/15)/(1/(-110)*-2). Let f = x - 42. What is the tens digit of f?
1
Let q(x) = -59*x. Let k be q(-2). Suppose 66 + k = 4*b. What is the units digit of b?
6
Suppose -y + 373 = 2*l, -5*l + 5*y + 1263 = 338. What is the hundreds digit of l?
1
Let a be 0 - ((1 - -1) + -1). Let c be a/((-25)/(-160))*-5. Let r = c - 21. What is the units digit of r?
1
Let v(n) = n**2 - 7*n - 24. Let k be -8*(51/(-12) - -3). Let j be v(k). Suppose 0 = -j*u - 25 + 235. What is the tens digit of u?
3
Suppose 4*v + 3*p = -9, -3*v + 8*v - 3*p - 9 = 0. Let b = 52 + v. Let j = 74 - b. What is the tens digit of j?
2
Let i = -41 + 44. What is the tens digit of (-19)/i*(-6 + 3)?
1
Let l(n) = 5*n - 6. Let k be l(3). Suppose 2046 = k*b + 426. What is the units digit of b?
0
Let l(c) = c**3 - 25*c**2 + 2*c + 96. What is the units digit of l(25)?
6
What is the hundreds digit of (428/(-3))/(1*(-1)/6)?
8
Suppose 9*q = 1628 - 170. What is the hundreds digit of q?
1
Let b(t) = -t - 18. Let u(l) = -l**3 + 14*l**2 - 13*l - 2. Let x be u(13). Let i(y) = -19. Let p(k) = x*b(k) + 3*i(k). What is the units digit of p(14)?
7
Let y = -36 - -33. What is the tens digit of 3/(2/((-264)/y))?
3
Let v = -2060 + 4087. What is the hundreds digit of v?
0
Let i(p) be the second derivative of -7*p**5/40 + p**4/4 + 4*p**3/3 - 5*p. Let q(g) be the second derivative of i(g). What is the units digit of q(-3)?
9
Suppose 30*k + 132 = 32*k. Let m = 128 - k. What is the units digit of m?
2
Let l(h) = -h**2 + 152*h - 33. What is the tens digit of l(13)?
7
Suppose 247 = -4*i + 67. Let x = i + 56. What is the units digit of x?
1
Suppose -5*j - 2*k - 873 = -3270, -5*j + 2385 = 5*k. What is the hundreds digit of j?
4
Let a be 18/81 + (-14)/(-18). What is the hundreds digit of (422 - (-30)/(-6))*a/3?
1
Let i = -811 - -1317. What is the units digit of i?
6
Suppose 4*f + 3*t = 353, t - 341 = -4*f + 2*t. Let o = 7 + f. What is the tens digit of o?
9
Let r(t) = t**3 + 16*t**2 + 12*t - 7. Let s = -19 - -4. What is the tens digit of r(s)?
3
Let c = -4488 - -8274. What is the tens digit of c?
8
Suppose -3*f + 582 = 3*f. Suppose f = r - 39. What is the hundreds digit of r?
1
Suppose -6*q - 462 = -7*q. What is the units digit of q?
2
Let l(u) = -4*u + 1. Let o be 1/3 - 444/36. Let c be l(o). Suppose 5*p - 41 = c. What is the tens digit of p?
1
Suppose 0 = -2*b - 0*b + 8. Suppose -5*o - b*a + 98 = 6, -2 = a. What is the tens digit of o?
2
Suppose -2*a + 369 = -u - 61, 0 = 3*u - 12. What is the tens digit of a?
1
Suppose 3736 = 9*s + 604. What is the units digit of s?
8
Suppose -3*j + 12 = -4*b + 3*b, 5*j = 5*b + 10. Suppose 2*p - y = 229, -5*y = -2*y + b. What is the hundreds digit of p?
1
Let a = 7 - -223. What is the units digit of a?
0
What is the tens digit of ((-42)/35)/(2/(-40))?
2
Let d be 4/(-2)*((-11)/2 + 4). Suppose -d*a - 499 + 1363 = 0. What is the hundreds digit of a?
2
Let w = 2337 + -1337. What is the units digit of w?
0
Let a(v) = 75*v - 3. Let c be 4/(-4)*-1 + -2. Let l be a(c). Let k = l - -114. What is the tens digit of k?
3
Let o(q) = -q**3 + 11*q**2 + 16*q - 17. Let c be (2 - 0)*(-5)/(25/(-30)). What is the units digit of o(c)?
1
Suppose 103 = 5*s + 4*n, -2*s - n = n - 40. Let x = -20 + s. What is the tens digit of -2 + 2 + (x - -61)?
6
Let f be 48/18*(-81)/12. Let y be (f/4)/(1/12). Let v = -24 - y. What is the tens digit of v?
3
Let s be (-6)/4*2984/(-12). Let l = -173 + s. Suppose -35*a + l = -30*a. What is the tens digit of a?
4
Suppose 2*j = -5*f, 4*j - 6*f = -f + 60. Suppose 2*b = j, 4*i + 2*b = 7*b + 211. What is the units digit of i?
9
Suppose -3*r = -3, 0 = -2*l + 3*l + 4*r - 7. Suppose 220 = l*s + 8*s. What is the tens digit of s?
2
Suppose -3*h + 48 = 2*k, -2*h - 2*k - 3*k = -32. Let x = h - 8. What is the units digit of (-2)/x + (-75)/(-12)?
6
Let x(g) = -g**3 - 19*g**2 - 45*g. What is the units digit of x(-20)?
0
Let y(b) = 25*b**2 + 7*b - 25. What is the tens digit of y(6)?
1
Let d(q) = -2*q**3 - 7*q**2 + 17*q - 2. What is the units digit of d(-8)?
8
Suppose 4*i - 17 + 1 = 0. Suppose 5 = -k, 5*f + 8*k - 395 = i*k. What is the units digit of f?
3
Suppose 3385 = 19*a - 3721. What is the hundreds digit of a?
3
Let o(w) = -2*w**3 - 11*w**2 + 5*w - 17. What is the tens digit of o(-9)?
0
Let i(r) = -r + 2. Let j(p) = 11*p - 3. Let m(d) = -5*i(d) - j(d). Let s = 13 + -22. What is the tens digit of m(s)?
4
What is the hundreds digit of 134 + (-7 + 5)/((-8)/(-12))?
1
Let o = -12 + 18. Suppose o*q - 2*q = 20. Suppose -q*c - 3 = -3*n, 2*n - 2*c + 5 = 7*n. What is the units digit of n?
1
Suppose l - 2*l - 75 = -4*n, 4*n = 3*l + 73. Suppose 4*t + 0*j - 5*j = 76, n = t + 2*j. What is the tens digit of t?
1
Suppose 0 = -j + 4*l + 10, -3*j - l = -4*l - 12. Let d be 14 - -1*(2 + 0). Suppose -j*p + p + d = 0. What is the units digit of p?
6
Let v(w) = 106*w - 9. Let y be -4*3/(-2)*(-3)/(-18). What is the tens digit of v(y)?
9
Let h(s) = -357*s + 92. What is the hundreds digit of h(-9)?
3
Let c be (0 - 0)/(-11 + 12). Suppose -10*z + 5*z - 45 = c. What is the tens digit of (-92)/(-6)*z/(-6)?
2
Suppose 7*j = -j + 8000. What is the units digit of j?
0
Let y(a) = a**2 + 8. Let b = 69 - 61. What is the units digit of y(b)?
2
Let k be (18/(-21))/(3/(-126)). What is the units digit of (118/k - 2/(-9))*34?
9
Suppose 4*l + 14 = c, -c = -2*l + 2*c - 2. What is the hundreds digit of (54/l)/(((-15)/(-5))/(-24))?
1
Suppose 4*m = -2*l + 116, 4*l - 2*m - 302 = -l. Let t = 131 - l. Let x = t - 49. What is the units digit of x?
2
Suppose 3*a - 7 = -1, 0 = 4*c - 4*a. Suppose -c*f - 7 = 5. What is the tens digit of 2*((-57)/f + 1)?
2
Let t = 144 - 145. What is the hundreds digit of (t/(-1))/(7/791)?
1
What is the thousands digit of (-1639 + (-16 - -7))*-1?
1
Let s = -39 + 39. What is the units digit of (s - 42/5)/((-2)/10)?
2
Suppose -3*k - 84 = -4*m, -k - 29 + 8 = m. What is the tens digit of (-1110)/k - (-1)/(-4)?
4
Suppose -6*t + 12 = -4*t. Suppose -173 = -t*d + 97. What is the units digit of d?
5
Let u be (291/6 - 2)/((-12)/(-16)). Suppose -r + u - 16 = 0. What is the tens digit of r?
4
Suppose 4 + 4 = 2*s. Suppose -435 = -s*i - i. What is the units digit of i?
7
Let y be 24/10*1*-5. Let n = -10 - y. Suppose 77 = -2*q + 7*q + n*v, 4*q - 2*v = 76. What is the tens digit of q?
1
Suppose 0 = 3*w - 111 - 114. Let t = 1 + 3. Suppose 0 = -3*x - 9, 5*b - t*x - 62 - w = 0. What is the tens digit of b?
2
Let j(q) be the first derivative of 4 - q + 1/2*q**2 + 1/4*q**4 + 2*q**3. What is the tens digit of j(-